 59
What are the prime factors of 55?
5, 11
List the prime factors of 200.
2, 5
List the prime factors of 14136.
2, 3, 19, 31
What are the prime factors of 9432?
2, 3, 131
What are the prime factors of 14585?
5, 2917
What are the prime factors of 17242?
2, 37, 233
List the prime factors of 4426.
2, 2213
List the prime factors of 30838.
2, 17, 907
List the prime factors of 4082.
2, 13, 157
List the prime factors of 1031.
1031
What are the prime factors of 53432?
2, 6679
What are the prime factors of 60?
2, 3, 5
List the prime factors of 1917.
3, 71
What are the prime factors of 99604?
2, 37, 673
List the prime factors of 1041.
3, 347
List the prime factors of 25518.
2, 3, 4253
What are the prime factors of 39591?
3, 53, 83
List the prime factors of 1003.
17, 59
List the prime factors of 1626.
2, 3, 271
What are the prime factors of 2334?
2, 3, 389
List the prime factors of 353.
353
List the prime factors of 79.
79
What are the prime factors of 19295?
5, 17, 227
What are the prime factors of 1787?
1787
List the prime factors of 593.
593
What are the prime factors of 4002?
2, 3, 23, 29
List the prime factors of 2569.
7, 367
What are the prime factors of 51450?
2, 3, 5, 7
List the prime factors of 975.
3, 5, 13
What are the prime factors of 78481?
13, 6037
What are the prime factors of 13875?
3, 5, 37
List the prime factors of 369.
3, 41
What are the prime factors of 1205?
5, 241
What are the prime factors of 18778?
2, 41, 229
What are the prime factors of 3362?
2, 41
What are the prime factors of 1780?
2, 5, 89
List the prime factors of 980.
2, 5, 7
List the prime factors of 962.
2, 13, 37
What are the prime factors of 35790?
2, 3, 5, 1193
What are the prime factors of 11453?
13, 881
List the prime factors of 39819.
3, 13, 1021
List the prime factors of 2290.
2, 5, 229
What are the prime factors of 2452?
2, 613
List the prime factors of 18998.
2, 7, 23, 59
What are the prime factors of 14656?
2, 229
List the prime factors of 33395.
5, 6679
What are the prime factors of 13139?
7, 1877
What are the prime factors of 15512?
2, 7, 277
What are the prime factors of 3512?
2, 439
List the prime factors of 17012.
2, 4253
List the prime factors of 16225.
5, 11, 59
List the prime factors of 10534.
2, 23, 229
List the prime factors of 10090.
2, 5, 1009
What are the prime factors of 117929?
7, 17, 991
What are the prime factors of 52239?
3, 11, 1583
What are the prime factors of 3565?
5, 23, 31
List the prime factors of 15486.
2, 3, 29, 89
List the prime factors of 7365.
3, 5, 491
What are the prime factors of 4543?
7, 11, 59
List the prime factors of 3570.
2, 3, 5, 7, 17
What are the prime factors of 740?
2, 5, 37
What are the prime factors of 1453?
1453
List the prime factors of 4491.
3, 499
What are the prime factors of 3913?
7, 13, 43
List the prime factors of 24457.
37, 661
List the prime factors of 2400.
2, 3, 5
What are the prime factors of 23274?
2, 3, 431
What are the prime factors of 7428?
2, 3, 619
What are the prime factors of 3687?
3, 1229
List the prime factors of 34645.
5, 13, 41
List the prime factors of 10535.
5, 7, 43
List the prime factors of 546.
2, 3, 7, 13
List the prime factors of 6021.
3, 223
List the prime factors of 3550.
2, 5, 71
What are the prime factors of 37161?
3, 4129
What are the prime factors of 34359?
3, 13, 881
List the prime factors of 28936.
2, 3617
What are the prime factors of 88227?
3, 9803
List the prime factors of 3039.
3, 1013
What are the prime factors of 47594?
2, 53, 449
What are the prime factors of 180?
2, 3, 5
List the prime factors of 1190.
2, 5, 7, 17
What are the prime factors of 11861?
29, 409
What are the prime factors of 856?
2, 107
What are the prime factors of 786?
2, 3, 131
What are the prime factors of 75?
3, 5
What are the prime factors of 1888?
2, 59
What are the prime factors of 17407?
13, 103
List the prime factors of 3807.
3, 47
What are the prime factors of 32583?
3, 10861
List the prime factors of 2979.
3, 331
What are the prime factors of 9216?
2, 3
List the prime factors of 17836.
2, 7, 13
List the prime factors of 2099.
2099
What are the prime factors of 2098?
2, 1049
List the prime factors of 55824.
2, 3, 1163
List the prime factors of 15517.
59, 263
What are the prime factors of 18281?
101, 181
List the prime factors of 231.
3, 7, 11
What are the prime factors of 29536?
2, 13, 71
List the prime factors of 10574.
2, 17, 311
What are the prime factors of 31215?
3, 5, 2081
What are the prime factors of 131718?
2, 3, 29, 757
List the prime factors of 958.
2, 479
What are the prime factors of 1922?
2, 31
List the prime factors of 675.
3, 5
List the prime factors of 51910.
2, 5, 29, 179
What are the prime factors of 1315?
5, 263
What are the prime factors of 7437?
3, 37, 67
List the prime factors of 35688.
2, 3, 1487
List the prime factors of 76244.
2, 7, 389
List the prime factors of 66439.
29, 79
What are the prime factors of 170?
2, 5, 17
What are the prime factors of 7700?
2, 5, 7, 11
What are the prime factors of 7787?
13, 599
List the prime factors of 10071.
3, 373
What are the prime factors of 559?
13, 43
List the prime factors of 14701.
61, 241
What are the prime factors of 2164?
2, 541
What are the prime factors of 2944?
2, 23
List the prime factors of 2617.
2617
What are the prime factors of 6503?
7, 929
List the prime factors of 90227.
90227
What are the prime factors of 145?
5, 29
What are the prime factors of 7944?
2, 3, 331
What are the prime factors of 4035?
3, 5, 269
What are the prime factors of 2611?
7, 373
List the prime factors of 685.
5, 137
List the prime factors of 6871.
6871
What are the prime factors of 19829?
79, 251
List the prime factors of 1798.
2, 29, 31
List the prime factors of 43262.
2, 97, 223
What are the prime factors of 369?
3, 41
List the prime factors of 59167.
59167
List the prime factors of 980.
2, 5, 7
List the prime factors of 5133.
3, 29, 59
What are the prime factors of 77?
7, 11
What are the prime factors of 28796?
2, 23, 313
What are the prime factors of 2931?
3, 977
What are the prime factors of 16790?
2, 5, 23, 73
List the prime factors of 120738.
2, 3, 20123
List the prime factors of 4998.
2, 3, 7, 17
What are the prime factors of 8722?
2, 7, 89
List the prime factors of 2717.
11, 13, 19
What are the prime factors of 1764?
2, 3, 7
List the prime factors of 1949.
1949
What are the prime factors of 910?
2, 5, 7, 13
List the prime factors of 248.
2, 31
List the prime factors of 486.
2, 3
What are the prime factors of 39906?
2, 3, 739
List the prime factors of 997.
997
What are the prime factors of 1881?
3, 11, 19
List the prime factors of 178235.
5, 43, 829
List the prime factors of 992.
2, 31
What are the prime factors of 2696?
2, 337
What are the prime factors of 101331?
3, 139
List the prime factors of 6734.
2, 7, 13, 37
What are the prime factors of 2000?
2, 5
What are the prime factors of 53191?
43, 1237
List the prime factors of 10450.
2, 5, 11, 19
What are the prime factors of 16977?
3, 5659
List the prime factors of 1620.
2, 3, 5
List the prime factors of 3791.
17, 223
What are the prime factors of 222?
2, 3, 37
What are the prime factors of 302?
2, 151
List the prime factors of 43502.
2, 21751
List the prime factors of 796.
2, 199
List the prime factors of 4541.
19, 239
What are the prime factors of 149?
149
List the prime factors of 4796.
2, 11, 109
List the prime factors of 1025.
5, 41
What are the prime factors of 164?
2, 41
What are the prime factors of 1530?
2, 3, 5, 17
List the prime factors of 758.
2, 379
What are the prime factors of 864?
2, 3
What are the prime factors of 19?
19
List the prime factors of 10033.
79, 127
List the prime factors of 94476.
2, 3, 7873
What are the prime factors of 301?
7, 43
List the prime factors of 13293.
3, 7, 211
What are the prime factors of 27331?
151, 181
List the prime factors of 9308.
2, 13, 179
What are the prime factors of 1552?
2, 97
List the prime factors of 2591.
2591
List the prime factors of 2566.
2, 1283
List the prime factors of 1207.
17, 71
List the prime factors of 54.
2, 3
List the prime factors of 3769.
3769
List the prime factors of 2502.
2, 3, 139
List the prime factors of 59765.
5, 11953
List the prime factors of 21455.
5, 7, 613
List the prime factors of 2431.
11, 13, 17
